{"id":12,"date":"2020-01-08T02:08:52","date_gmt":"2020-01-08T02:08:52","guid":{"rendered":"https:\/\/demosoledad.pencidesign.net\/soledad-seo-company-multipurpose\/?page_id=12"},"modified":"2025-01-24T09:20:46","modified_gmt":"2025-01-24T08:20:46","slug":"contact-francesms","status":"publish","type":"page","link":"https:\/\/francesms.fr\/sms\/contact-francesms\/","title":{"rendered":"Contact"},"content":{"rendered":"\t\t<div data-elementor-type=\"wp-page\" data-elementor-id=\"12\" class=\"elementor elementor-12\">\n\t\t\t\t\t\t<section class=\"penci-section penci-dmcheck penci-elbg-activate penci-disSticky penci-structure-22 elementor-section elementor-top-section elementor-element elementor-element-24e843a elementor-section-content-middle elementor-section-boxed elementor-section-height-default elementor-section-height-default\" data-id=\"24e843a\" data-element_type=\"section\" data-settings=\"{&quot;background_background&quot;:&quot;classic&quot;}\">\n\t\t\t\t\t\t<div class=\"elementor-container elementor-column-gap-extended\">\n\t\t\t\t\t<div class=\"penci-ercol-66 penci-ercol-order-1 penci-sticky-ct    elementor-column elementor-col-66 elementor-top-column elementor-element elementor-element-c834ba2\" data-id=\"c834ba2\" data-element_type=\"column\">\n\t\t\t<div class=\"elementor-widget-wrap\">\n\t\t\t\t\t\t\t<\/div>\n\t\t<\/div>\n\t\t\t\t<div class=\"penci-ercol-33 penci-ercol-order-2 penci-sticky-sb penci-sidebarSC   elementor-column elementor-col-33 elementor-top-column elementor-element elementor-element-ea1b3f4\" data-id=\"ea1b3f4\" data-element_type=\"column\">\n\t\t\t<div class=\"elementor-widget-wrap\">\n\t\t\t\t\t\t\t<\/div>\n\t\t<\/div>\n\t\t\t\t\t<\/div>\n\t\t<\/section>\n\t\t\t\t<section class=\"penci-section penci-dmcheck penci-elbg-activate penci-disSticky penci-structure-20 elementor-section elementor-top-section elementor-element elementor-element-f7f7517 elementor-section-content-middle elementor-section-boxed elementor-section-height-default elementor-section-height-default\" data-id=\"f7f7517\" data-element_type=\"section\" data-settings=\"{&quot;background_background&quot;:&quot;classic&quot;}\">\n\t\t\t\t\t\t<div class=\"elementor-container elementor-column-gap-extended\">\n\t\t\t\t\t<div class=\"penci-ercol-50 penci-ercol-order-1 penci-sticky-ct    elementor-column elementor-col-50 elementor-top-column elementor-element elementor-element-9ac287a\" data-id=\"9ac287a\" data-element_type=\"column\">\n\t\t\t<div class=\"elementor-widget-wrap elementor-element-populated\">\n\t\t\t\t\t\t<div class=\"elementor-element elementor-element-2627e89 elementor-widget elementor-widget-penci-info-box\" data-id=\"2627e89\" data-element_type=\"widget\" data-widget_type=\"penci-info-box.default\">\n\t\t\t\t<div class=\"elementor-widget-container\">\n\t\t\t\t\t        <div id=\"penci_info_box_78400\" class=\"penci-block-vc penci-info-box penci-ibox-float-left penci-view-default penci-shape-circle\">\n            <div class=\"penci-ibox-inner\">\n\t\t\t\t\t\t\t\t<div class=\"penci-ibox-icon penci-ibox-icon--icon penci-icon penci-tibox-icon\"><span class=\"penci-ibox-icon-fa\"><i class=\"penci-ibox-icon--i fa fa-map-pin\" aria-hidden=\"true\"><\/i><\/span><\/div>                <div class=\"penci-ibox-content-wrap\">\n\t\t\t\t\t\t\t\t\t\t<h3\n                            class=\"penci-ibox-title\">D'o\u00f9 sommes-nous ?<\/h3>\t\t\t\t\t\t\t\t\t\t                        <div class=\"penci-ibox-content\"><p>Bas\u00e9e en Poitou-Charentes, en France, notre agence est sp\u00e9cialis\u00e9e dans la communication SMS, la gestion de rendez-vous en ligne et les solutions de marketing digital. Avec notre <strong>service client SMS<\/strong> d\u00e9di\u00e9 et un <strong>support client SMS<\/strong> r\u00e9actif, nous mettons un point d\u2019honneur \u00e0 rester proches de nos clients. Pour toute assistance ou demande, n\u2019h\u00e9sitez pas \u00e0 nous joindre via le <strong>contact FranceSMS<\/strong> pour mieux comprendre vos besoins et y r\u00e9pondre efficacement.<\/p>\n<\/div>\t\t\t\t\t                <\/div>\n            <\/div>\n        <\/div>\n\t\t\t\t\t\t<\/div>\n\t\t\t\t<\/div>\n\t\t\t\t\t<\/div>\n\t\t<\/div>\n\t\t\t\t<div class=\"penci-ercol-50 penci-ercol-order-2 penci-sticky-ct    elementor-column elementor-col-50 elementor-top-column elementor-element elementor-element-4ea79de\" data-id=\"4ea79de\" data-element_type=\"column\">\n\t\t\t<div class=\"elementor-widget-wrap elementor-element-populated\">\n\t\t\t\t\t\t<div class=\"elementor-element elementor-element-2da71e8 elementor-widget elementor-widget-penci-info-box\" data-id=\"2da71e8\" data-element_type=\"widget\" data-widget_type=\"penci-info-box.default\">\n\t\t\t\t<div class=\"elementor-widget-container\">\n\t\t\t\t\t        <div id=\"penci_info_box_87040\" class=\"penci-block-vc penci-info-box penci-ibox-float-left penci-view-default penci-shape-circle\">\n            <div class=\"penci-ibox-inner\">\n\t\t\t\t\t\t\t\t<div class=\"penci-ibox-icon penci-ibox-icon--icon penci-icon penci-tibox-svg\"><span class=\"penci-ibox-icon-fa\"><i aria-hidden=\"true\" class=\"fas fa-helicopter\"><\/i><\/span><\/div>                <div class=\"penci-ibox-content-wrap\">\n\t\t\t\t\t\t\t\t\t\t<h3\n                            class=\"penci-ibox-title\">Rejoignez-nous !<\/h3>\t\t\t\t\t\t\t\t\t\t                        <div class=\"penci-ibox-content\"><p>En pleine expansion, nous recherchons des personnes motiv\u00e9es pour rejoindre notre \u00e9quipe et nous aider \u00e0 renforcer notre pr\u00e9sence locale. Si vous \u00eates int\u00e9ress\u00e9(e) par une collaboration, n\u2019h\u00e9sitez pas \u00e0 remplir le formulaire. Ensemble, nous continuerons \u00e0 innover pour offrir des services toujours plus performants et accessibles.<\/p>\n<\/div>\t\t\t\t\t                <\/div>\n            <\/div>\n        <\/div>\n\t\t\t\t\t\t<\/div>\n\t\t\t\t<\/div>\n\t\t\t\t\t<\/div>\n\t\t<\/div>\n\t\t\t\t\t<\/div>\n\t\t<\/section>\n\t\t\t\t<section class=\"penci-section penci-disSticky penci-structure-20 elementor-section elementor-top-section elementor-element elementor-element-bad1fda elementor-section-content-middle elementor-section-boxed elementor-section-height-default elementor-section-height-default\" data-id=\"bad1fda\" data-element_type=\"section\">\n\t\t\t\t\t\t<div class=\"elementor-container elementor-column-gap-wider\">\n\t\t\t\t\t<div class=\"penci-ercol-50 penci-ercol-order-1 penci-sticky-ct    elementor-column elementor-col-50 elementor-top-column elementor-element elementor-element-0b2cf92\" data-id=\"0b2cf92\" data-element_type=\"column\">\n\t\t\t<div class=\"elementor-widget-wrap elementor-element-populated\">\n\t\t\t\t\t\t<div class=\"elementor-element elementor-element-f170ba5 elementor-widget elementor-widget-image\" data-id=\"f170ba5\" data-element_type=\"widget\" data-widget_type=\"image.default\">\n\t\t\t\t<div class=\"elementor-widget-container\">\n\t\t\t\t\t\t\t\t\t\t\t\t\t\t\t<img fetchpriority=\"high\" decoding=\"async\" width=\"1024\" height=\"700\" src=\"https:\/\/francesms.fr\/sms\/wp-content\/uploads\/2020\/01\/4-1024x700.png\" class=\"attachment-large size-large wp-image-226\" alt=\"\" srcset=\"https:\/\/francesms.fr\/sms\/wp-content\/uploads\/2020\/01\/4-1024x700.png 1024w, https:\/\/francesms.fr\/sms\/wp-content\/uploads\/2020\/01\/4-300x205.png 300w, https:\/\/francesms.fr\/sms\/wp-content\/uploads\/2020\/01\/4-768x525.png 768w, https:\/\/francesms.fr\/sms\/wp-content\/uploads\/2020\/01\/4-1170x800.png 1170w, https:\/\/francesms.fr\/sms\/wp-content\/uploads\/2020\/01\/4-585x400.png 585w, https:\/\/francesms.fr\/sms\/wp-content\/uploads\/2020\/01\/4.png 1500w\" sizes=\"(max-width: 1024px) 100vw, 1024px\" title=\"\">\t\t\t\t\t\t\t\t\t\t\t\t\t\t\t<\/div>\n\t\t\t\t<\/div>\n\t\t\t\t\t<\/div>\n\t\t<\/div>\n\t\t\t\t<div class=\"penci-ercol-50 penci-ercol-order-2 penci-sticky-ct    elementor-column elementor-col-50 elementor-top-column elementor-element elementor-element-2dff0c7\" data-id=\"2dff0c7\" data-element_type=\"column\">\n\t\t\t<div class=\"elementor-widget-wrap elementor-element-populated\">\n\t\t\t\t\t\t<div class=\"elementor-element elementor-element-f71122d elementor-widget elementor-widget-penci-fancy_heading\" data-id=\"f71122d\" data-element_type=\"widget\" data-widget_type=\"penci-fancy_heading.default\">\n\t\t\t\t<div class=\"elementor-widget-container\">\n\t\t\t\t\t\t\t<div class=\"penci-fancy-heading penci-heading-text-left\">\n\t\t\t<div class=\"penci-fancy-heading-inner\">\n\t\t\t\t<h2 class=\"penci-heading-title\"><span class=\"inner-tit\">Envoyez-nous un message<\/span><\/h2><div class=\"penci-heading-content entry-content\"><p>Une question, un besoin, ou un projet en t\u00eate ? Contactez-nous directement via notre formulaire. Notre \u00e9quipe est \u00e0 votre \u00e9coute pour r\u00e9pondre \u00e0 toutes vos demandes et vous accompagner dans la r\u00e9ussite de vos campagnes SMS.<\/p>\n<\/div>\t\t\t<\/div>\n\t\t<\/div>\n\t\t\t\t\t\t<\/div>\n\t\t\t\t<\/div>\n\t\t\t\t<div class=\"elementor-element elementor-element-fd58317 elementor-widget elementor-widget-shortcode\" data-id=\"fd58317\" data-element_type=\"widget\" data-widget_type=\"shortcode.default\">\n\t\t\t\t<div class=\"elementor-widget-container\">\n\t\t\t\t\t\t\t<div class=\"elementor-shortcode\"><style>.leform-form-1 .leform-element, .leform-progress-1 {padding:10px;}.leform-form-1, .leform-form-1 *, .leform-progress-1, .leform-tooltipster-content-1 {font-size:15px;color:rgba(68, 68, 68, 0.9);font-weight:normal;font-style:normal;text-decoration:none;text-align:left;}.leform-inline .leform-form-1{background-color:transparent;background-image:none;border-width:0px;border-style:solid;border-radius:0px;border-top:none !important;border-left:none !important;border-right:none !important;border-bottom:none !important;box-shadow:none;padding-top:10px;padding-right:10px;padding-bottom:10px;padding-left:10px;}#leform-popup-1 .leform-form-1{background-color:#ffffff;background-image:none;border-width:0px;border-style:solid;border-radius:5px;border-top:none !important;border-left:none !important;border-right:none !important;border-bottom:none !important;box-shadow: 1px 1px 15px -5px #000000;padding-top:10px;padding-right:10px;padding-bottom:10px;padding-left:10px;}#leform-popup-1 .leform-popup-close {color:#ff9800} #leform-popup-1 .leform-popup-close:hover {color:#ffc107}.leform-form-1 .leform-element label.leform-label,.leform-form-1 .leform-element label.leform-label span.leform-required-symbol{font-size:16px;color:#444444;font-weight:bold;font-style:normal;text-decoration:none;text-align:left;}.leform-form-1 .leform-element label.leform-description,.leform-form-1 .leform-element label.leform-description span.leform-required-symbol{font-size:14px;color:#888888;font-weight:normal;font-style:italic;text-decoration:none;text-align:left;}.leform-form-1 .leform-element label.leform-label span.leform-required-symbol,.leform-form-1 .leform-element label.leform-description span.leform-required-symbol{color:#d9534f;font-weight:normal;font-style:normal;text-decoration:none;text-align:left;}.leform-form-1 .leform-element div.leform-input div.leform-signature-box span i{font-size:15px;color:rgba(68, 68, 68, 1);font-weight:normal;font-style:normal;text-decoration:none;text-align:left;}.leform-form-1 .leform-element div.leform-input div.leform-signature-box,.leform-form-1 .leform-element div.leform-input div.leform-multiselect,.leform-form-1 .leform-element div.leform-input input[type='text'],.leform-form-1 .leform-element div.leform-input input[type='email'],.leform-form-1 .leform-element div.leform-input input[type='password'],.leform-form-1 .leform-element div.leform-input select,.leform-form-1 .leform-element div.leform-input select option,.leform-form-1 .leform-element div.leform-input textarea{font-size:15px;color:rgba(68, 68, 68, 1);font-weight:normal;font-style:normal;text-decoration:none;text-align:left;background-color:rgba(255, 255, 255, 0.3);background-image:none;border-width:1px;border-style:solid;border-color:rgba(204, 204, 204, 1);border-radius:0px;box-shadow:none;}.leform-form-1 .leform-element div.leform-input ::placeholder{color:rgba(68, 68, 68, 1); opacity: 0.9;} .leform-form-1 .leform-element div.leform-input ::-ms-input-placeholder{color:rgba(68, 68, 68, 1); opacity: 0.9;}.leform-form-1 .leform-element div.leform-input div.leform-multiselect::-webkit-scrollbar-thumb{background-color:rgba(204, 204, 204, 1);}.leform-form-1 .leform-element div.leform-input>i.leform-icon-left, .leform-form-1 .leform-element div.leform-input>i.leform-icon-right{font-size:20px;color:#444444;border-radius:0px;}.leform-form-1 .leform-element .leform-button,.leform-form-1 .leform-element .leform-button:visited{font-size:15px;color:#ffffff;font-weight:normal;font-style:normal;text-decoration:none;text-align:center;background-color:rgba(38, 185, 154, 1);background-image:none;border-width:1px;border-style:solid;border-color:rgba(22, 159, 133, 1);border-radius:0px;box-shadow:none;}.leform-form-1 .leform-element div.leform-input .leform-imageselect+label{border-width:1px;border-style:solid;border-color:rgba(204, 204, 204, 1);border-radius:0px;box-shadow:none;}.leform-form-1 .leform-element div.leform-input .leform-imageselect+label span.leform-imageselect-label{font-size:15px;font-weight:normal;font-style:normal;text-decoration:none;text-align:center;}.leform-form-1 .leform-element div.leform-input input[type='checkbox'].leform-checkbox-tgl:checked+label:after{background-color:#ffffff;}.leform-form-1 .leform-element div.leform-input input[type='checkbox'].leform-checkbox-classic+label,.leform-form-1 .leform-element div.leform-input input[type='checkbox'].leform-checkbox-fa-check+label,.leform-form-1 .leform-element div.leform-input input[type='checkbox'].leform-checkbox-square+label,.leform-form-1 .leform-element div.leform-input input[type='checkbox'].leform-checkbox-tgl+label{background-color:#ffffff;border-color:#cccccc;color:#444444;}.leform-form-1 .leform-element div.leform-input input[type='checkbox'].leform-checkbox-square:checked+label:after{background-color:#444444;}.leform-form-1 .leform-element div.leform-input input[type='checkbox'].leform-checkbox-tgl:checked+label,.leform-form-1 .leform-element div.leform-input input[type='checkbox'].leform-checkbox-tgl+label:after{background-color:#444444;}.leform-form-1 .leform-element div.leform-input input[type='radio'].leform-radio-classic+label,.leform-form-1 .leform-element div.leform-input input[type='radio'].leform-radio-fa-check+label,.leform-form-1 .leform-element div.leform-input input[type='radio'].leform-radio-dot+label{background-color:#ffffff;border-color:#cccccc;color:#444444;}.leform-form-1 .leform-element div.leform-input input[type='radio'].leform-radio-dot:checked+label:after{background-color:#444444;}.leform-form-1 .leform-element div.leform-input div.leform-multiselect>input[type='checkbox']+label:hover{background-color:#26b99a;color:#ffffff;}.leform-form-1 .leform-element div.leform-input div.leform-multiselect>input[type='checkbox']:checked+label{background-color:rgba(22, 159, 133, 1);color:#ffffff;}.leform-form-1 .leform-element div.leform-input div.leform-multiselect{height:120px;}.leform-form-1 .leform-element input[type='checkbox'].leform-tile+label, .leform-form-1 .leform-element input[type='radio'].leform-tile+label {font-size:15px;color:rgba(68, 68, 68, 1);font-weight:normal;font-style:normal;text-decoration:none;text-align:center;background-color:rgba(255, 255, 255, 1);background-image:none;border-width:1px;border-style:solid;border-color:rgba(204, 204, 204, 1);border-radius:0px;box-shadow:none;}.leform-form-1 .leform-element input[type='checkbox'].leform-tile+label:hover, .leform-form-1 .leform-element input[type='radio'].leform-tile+label:hover{font-size:15px;color:rgba(255, 255, 255, 1);font-weight:normal;font-style:normal;text-decoration:none;text-align:center;background-color:rgba(38, 185, 154, 1);background-image:none;border-width:1px;border-style:solid;border-color:rgba(22, 159, 133, 1);border-radius:0px;box-shadow:none;}.leform-form-1 .leform-element input[type='checkbox'].leform-tile:checked+label, .leform-form-1 .leform-element input[type='radio'].leform-tile:checked+label{font-size:15px;color:rgba(255, 255, 255, 1);font-weight:normal;font-style:normal;text-decoration:none;text-align:center;background-color:rgba(38, 185, 154, 1);background-image:none;border-width:1px;border-style:solid;border-color:rgba(22, 159, 133, 1);border-radius:0px;box-shadow:none;}.leform-form-1 .leform-element .leform-input .leform-element-error,.leform-uploader-error{font-size:15px;color:#ffffff;font-weight:normal;font-style:normal;text-decoration:none;text-align:left;background-color:#d9534f;background-image:none;}.leform-form-1 .leform-element-8 div.leform-input {height:160px; line-height:2.5;} .leform-form-1 .leform-element-8 div.leform-input textarea{line-height:1.4;}<\/style><div class=\"leform-inline leform-container\" style=\"max-width:720px;margin: 0 auto 0 auto;\"><div class=\"leform-form leform-form-1 leform-form-bLRI5rt9EfCRIzdLD leform-form-input-medium leform-form-icon-inside leform-form-description-bottom\" data-session=\"0\" data-collapse=\"480\" data-id=\"bLRI5rt9EfCRIzdLD\" data-form-id=\"1\" data-title=\"Contact\" data-page=\"1\" data-xd=\"on\" data-tooltip-theme=\"dark\" style=\"display:none;\"><div class=\"leform-form-inner\"><div class='leform-row leform-element leform-element-6' data-type='columns'><div class='leform-col leform-col-6'><div class='leform-elements' _data-parent='6' _data-parent-col='0'><div class='leform-element leform-element-2 leform-element-label-top' data-type='text' data-deps='' data-id='2'><div class='leform-column-label'><label class='leform-label'>Pr\u00e9nom<\/label><\/div><div class='leform-column-input'><div class='leform-input'><input type='text' name='leform-2' class='' placeholder='' autocomplete='given-name' data-default='' value='' aria-label='Pr\u00e9nom' oninput='leform_input_changed(this);' onfocus='jQuery(this).closest(\".leform-input\").find(\".leform-element-error\").fadeOut(300, function(){jQuery(this).remove();});' \/><\/div><label class='leform-description'><\/label><\/div><\/div><\/div><\/div><div class='leform-col leform-col-6'><div class='leform-elements' _data-parent='6' _data-parent-col='1'><div class='leform-element leform-element-5 leform-element-label-top' data-type='text' data-deps='' data-id='5'><div class='leform-column-label'><label class='leform-label'>Nom<\/label><\/div><div class='leform-column-input'><div class='leform-input'><input type='text' name='leform-5' class='' placeholder='' autocomplete='family-name' data-default='' value='' aria-label='Nom' oninput='leform_input_changed(this);' onfocus='jQuery(this).closest(\".leform-input\").find(\".leform-element-error\").fadeOut(300, function(){jQuery(this).remove();});' \/><\/div><label class='leform-description'><\/label><\/div><\/div><\/div><\/div><\/div><div class='leform-element leform-element-7 leform-element-label-top' data-type='email' data-deps='' data-id='7'><div class='leform-column-label'><label class='leform-label'>E-mail<\/label><\/div><div class='leform-column-input'><div class='leform-input'><input type='email' name='leform-7' class='' placeholder='' autocomplete='email' data-default='' value='' aria-label='E-mail' oninput='leform_input_changed(this);' onfocus='jQuery(this).closest(\".leform-input\").find(\".leform-element-error\").fadeOut(300, function(){jQuery(this).remove();});' \/><\/div><label class='leform-description'><\/label><\/div><\/div><div class='leform-element leform-element-10 leform-element-label-top' data-type='text' data-deps='' data-id='10'><div class='leform-column-label'><label class='leform-label'>T\u00e9l\u00e9phone<\/label><\/div><div class='leform-column-input'><div class='leform-input'><input type='text' name='leform-10' class='' placeholder='' autocomplete='tel' data-default='' value='' aria-label='T\u00e9l\u00e9phone' oninput='leform_input_changed(this);' onfocus='jQuery(this).closest(\".leform-input\").find(\".leform-element-error\").fadeOut(300, function(){jQuery(this).remove();});' \/><\/div><label class='leform-description'><\/label><\/div><\/div><div class='leform-element leform-element-8 leform-element-label-top' data-type='textarea' data-deps='' data-id='8'><div class='leform-column-label'><label class='leform-label'>Observations<\/label><\/div><div class='leform-column-input'><div class='leform-input'><textarea name='leform-8' class='' placeholder='' aria-label='Observations' data-default='' oninput='leform_input_changed(this);' onfocus='jQuery(this).closest(\".leform-input\").find(\".leform-element-error\").fadeOut(300, function(){jQuery(this).remove();});'><\/textarea><\/div><label class='leform-description'>Votre message<\/label><\/div><\/div><div class='leform-element leform-element-9 leform-ta-right' data-type='button'><a class='leform-button leform-button-zoom-out leform-button-full leform-button-large ' href='#' onclick='return leform_submit(this);' data-label='Envoyer' data-loading='Envoi...'><span>Envoyer<\/span><\/a><\/div><\/div><\/div><div class=\"leform-form leform-form-1 leform-form-bLRI5rt9EfCRIzdLD leform-form-input-medium leform-form-icon-inside leform-form-description-bottom\" data-session=\"0\" data-collapse=\"480\" data-id=\"bLRI5rt9EfCRIzdLD\" data-form-id=\"1\" data-title=\"Contact\" data-page=\"confirmation\" data-xd=\"on\" data-tooltip-theme=\"dark\" style=\"display:none;\"><div class=\"leform-form-inner\"><div class='leform-element leform-element-0 leform-element-html' data-type='html'><h4 style=\"text-align: center;\">Merci !<\/h4>\n<p style=\"text-align: center;\">Nous vous contacterons dans les plus brefs d\u00e9lais.<\/p><div class='leform-element-cover'><\/div><\/div><\/div><\/div><input type=\"hidden\" id=\"leform-logic-bLRI5rt9EfCRIzdLD\" value=\"[]\" \/><\/div><\/div>\n\t\t\t\t\t\t<\/div>\n\t\t\t\t<\/div>\n\t\t\t\t\t<\/div>\n\t\t<\/div>\n\t\t\t\t\t<\/div>\n\t\t<\/section>\n\t\t\t\t<section class=\"penci-section penci-disSticky penci-structure-10 elementor-section elementor-top-section elementor-element elementor-element-ffd53f4 elementor-section-full_width elementor-section-height-default elementor-section-height-default\" data-id=\"ffd53f4\" data-element_type=\"section\">\n\t\t\t\t\t\t<div class=\"elementor-container elementor-column-gap-no\">\n\t\t\t\t\t<div class=\"penci-ercol-100 penci-ercol-order-1 penci-sticky-ct    elementor-column elementor-col-100 elementor-top-column elementor-element elementor-element-6dc28c9\" data-id=\"6dc28c9\" data-element_type=\"column\">\n\t\t\t<div class=\"elementor-widget-wrap elementor-element-populated\">\n\t\t\t\t\t\t<div class=\"elementor-element elementor-element-b61cf77 elementor-widget elementor-widget-text-editor\" data-id=\"b61cf77\" data-element_type=\"widget\" data-widget_type=\"text-editor.default\">\n\t\t\t\t<div class=\"elementor-widget-container\">\n\t\t\t\t\t\t\t\t\t<p>Chez FranceSMS, nous comprenons l&rsquo;importance d&rsquo;une communication efficace et directe avec vos clients. Notre mission est de vous fournir des solutions de messagerie SMS adapt\u00e9es \u00e0 vos besoins sp\u00e9cifiques. Que vous ayez des questions, besoin d&rsquo;assistance ou souhaitiez en savoir plus sur nos services, notre \u00e9quipe est \u00e0 votre disposition pour vous accompagner.<\/p>\t\t\t\t\t\t\t\t<\/div>\n\t\t\t\t<\/div>\n\t\t\t\t\t<\/div>\n\t\t<\/div>\n\t\t\t\t\t<\/div>\n\t\t<\/section>\n\t\t\t\t<\/div>\n\t\t","protected":false},"excerpt":{"rendered":"<p>D&rsquo;o\u00f9 sommes-nous ? Bas\u00e9e en Poitou-Charentes, en France, notre agence est sp\u00e9cialis\u00e9e dans la communication SMS, la gestion de rendez-vous en ligne et les solutions de marketing digital. Avec notre&hellip;<\/p>\n","protected":false},"author":1,"featured_media":0,"parent":0,"menu_order":0,"comment_status":"closed","ping_status":"closed","template":"page-fullwidth.php","meta":{"_lmt_disableupdate":"","_lmt_disable":"","footnotes":""},"class_list":["post-12","page","type-page","status-publish","hentry"],"mfb_rest_fields":["gutenberg_elementor_mode"],"_links":{"self":[{"href":"https:\/\/francesms.fr\/sms\/wp-json\/wp\/v2\/pages\/12","targetHints":{"allow":["GET"]}}],"collection":[{"href":"https:\/\/francesms.fr\/sms\/wp-json\/wp\/v2\/pages"}],"about":[{"href":"https:\/\/francesms.fr\/sms\/wp-json\/wp\/v2\/types\/page"}],"author":[{"embeddable":true,"href":"https:\/\/francesms.fr\/sms\/wp-json\/wp\/v2\/users\/1"}],"replies":[{"embeddable":true,"href":"https:\/\/francesms.fr\/sms\/wp-json\/wp\/v2\/comments?post=12"}],"version-history":[{"count":33,"href":"https:\/\/francesms.fr\/sms\/wp-json\/wp\/v2\/pages\/12\/revisions"}],"predecessor-version":[{"id":1155,"href":"https:\/\/francesms.fr\/sms\/wp-json\/wp\/v2\/pages\/12\/revisions\/1155"}],"wp:attachment":[{"href":"https:\/\/francesms.fr\/sms\/wp-json\/wp\/v2\/media?parent=12"}],"curies":[{"name":"wp","href":"https:\/\/api.w.org\/{rel}","templated":true}]}}